ulate the remainder when 47 is divided by a.
7
Let x = -1590 - -1773. Calculate the remainder when x is divided by 83.
17
Let x(b) be the second derivative of b**5/20 - 3*b**4/2 + b**3/3 - 19*b**2/2 + 6*b. Calculate the remainder when (-6)/9 + 197/3 is divided by x(18).
14
Let v = -90 - -139. Let f = 13 + 0. Calculate the remainder when v is divided by f.
10
Suppose 8*u = 13*u - 450. Calculate the remainder when u is divided by 16.
10
Calculate the remainder when 4 + 1*516/6 is divided by 7.
6
Let s(z) = 11*z - z**3 + 14 - 69*z**2 + 28*z**2 + 31*z**2. Calculate the remainder when 40 is divided by s(-11).
12
Let i = 447 - 378. What is the remainder when i is divided by 22?
3
Suppose 2*x + 0*x = 46. Suppose -x*f + 22*f = -107. What is the remainder when f is divided by -2*(-1 + (-25)/2)?
26
Calculate the remainder when 1854 is divided by -32*5/(2 - 22).
6
Let n = 391 - 302. Calculate the remainder when n is divided by 23.
20
Let h(a) = -2*a**3 - 51*a**2 - 28*a - 52. What is the remainder when 504 is divided by h(-25)?
21
Let g = -147 + 243. Calculate the remainder when g is divided by 9.
6
Suppose z - 6*o + 3*o - 55 = 0, 4*z + 5*o - 152 = 0. What is the remainder when z is divided by 22?
21
Let o(a) = -2*a**2 + 62. What is the remainder when 285 is divided by o(-5)?
9
Suppose 2*t + 5*m - 13 = 4*m, t - 11 = m. Calculate the remainder when 31 is divided by t.
7
Let m(w) = w + 8. Let q = 34 - 25. Calculate the remainder when m(q) is divided by 9.
8
Let b = -32 + 116. Let w = b + -31. Calculate the remainder when w is divided by 79/9 - (-6)/27.
8
Let l be (0 - 4/(-8))*-1*-92. Suppose 5*k = t - 5*t + l, 4*t = 4*k - 44. What is the remainder when 38 is divided by k?
8
Let m(a) = 13*a**2 + 91*a - 179. Let z = -1 + 4. Suppose -z*d + 2 = o - 11, 3*d = 5*o - 101. Calculate the remainder when m(2) is divided by o.
17
Let w = 125 - 83. Let n = w + -29. Calculate the remainder when 38 is divided by n.
12
Let p(o) = o**2 + 11*o - 5. Let d be p(-7). Let f be (8 + d)*(-24)/10. Suppose -6*t + t + f = 0. What is the remainder when 35 is divided by t?
11
Suppose -g - 2*l + 28 = -23, -5*g - 2*l + 231 = 0. Calculate the remainder when g is divided by 12.
9
Suppose -4*x = -8*l + 3*l + 91, 2*x - 2 = 0. Suppose -3*i = -5*g - 36, 5*g = g. What is the remainder when l is divided by i?
7
Suppose -3*b + 12 = 15. Calculate the remainder when 38 is divided by (1*2/(-8))/(b/52).
12
Suppose 2 = j - 2. Suppose -6*c + j*c = -12. Suppose 14 = b - c. What is the remainder when 58 is divided by b?
18
Let s be 26/8 + 10/(-40). Suppose -15 = 4*u - 3*u - 5*c, 0 = -4*u - s*c + 32. Calculate the remainder when 15 is divided by 43/u - (-6)/15.
6
Suppose 0 = -9*b + b + 24. Suppose 5*a = -2*s + 131, -b*s - a = -123 - 54. Calculate the remainder when s is divided by 10.
8
Let n = -7577 - -7595. Suppose 0 = -c + 1, -k + 121 = -5*c + 37. Calculate the remainder when k is divided by n.
17
Let o = 59 - 54. Suppose o*d - 5*t = 84 - 24, -3*d + 34 = -4*t. Calculate the remainder when 83 is divided by d.
13
Let q = -1 - 4. Let m(d) = 3*d - 26. Let v be m(15). Let i = v + q. Calculate the remainder when i is divided by 5.
4
Suppose 0 = 3*v + l - 13, 0 = -3*v - 2*l + 3*l + 23. Suppose v*u - u - 4*y = 138, -4*u = -3*y - 111. What is the remainder when u is divided by 8?
6
Let x = 3095 + -2963. Calculate the remainder when x is divided by 45.
42
Let m(w) = -w**3 + 6*w**2 + 21*w - 10. Calculate the remainder when m(8) is divided by 12.
6
Let n = -35 - -86. Suppose -4*b = 853 + 171. What is the remainder when n is divided by 4/(-14) - b/14?
15
Let s(p) = p**2 - 5*p + 36. Calculate the remainder when s(0) is divided by 21.
15
Let c = 2928 + -2311. Calculate the remainder when c is divided by 124.
121
Suppose -39*c + 42*c - 57 = 0. Suppose -i + 4*g + c = -0*i, 5*i - 187 = -3*g. What is the remainder when i is divided by 21?
14
Let z = -1982 - -2118. Calculate the remainder when z is divided by 10.
6
Suppose -q + 3*k + 4 = 0, -5*q - 37 = -0*q + 4*k. Let a = q - -1. Let l = 20 + a. What is the remainder when 30 is divided by l?
14
Calculate the remainder when 202 is divided by 2*((-1)/4*-62 - 1).
28
Let a = 892 - 731. Calculate the remainder when a is divided by 55.
51
Suppose 0 = -q - 1, 17 = p - 4*q - 13. What is the remainder when p is divided by 14?
12
Let y = -477 + 493. What is the remainder when 329 is divided by y?
9
Let f(u) = -50*u + 153. Calculate the remainder when 141 is divided by f(2).
35
Let a(l) = -l**2 + 8*l + 4. Calculate the remainder when -17*((-2)/(-4) + 45/(-18)) is divided by a(5).
15
Suppose -3*d = 2*d - 20. Suppose -90*o + 94*o - 4 = 0. What is the remainder when d is divided by o?
0
Suppose 55 = -322*y + 327*y. What is the remainder when 292 is divided by y?
6
Suppose 688 = -51*w + 59*w. What is the remainder when w is divided by 11?
9
Let r = -1558 + 1592. Let c(b) = 9*b + 1. Calculate the remainder when r is divided by c(2).
15
Suppose 21*q + 44 = -1531. Let n = -12 - q. Let k(i) = i**2 - 3. Calculate the remainder when n is divided by k(-6).
30
Suppose 3*t - 130 = 5*v, -4*v - v + 115 = 4*t. Calculate the remainder when 487 is divided by t.
32
Let f(u) = 221*u + 1. Let c be f(1). Suppose -5*v + 263 = -c. What is the remainder when v is divided by 49?
48
Suppose 2*p + 4*m - 2 - 2 = 0, 5*m = 3*p - 39. Let u be (-309)/(-3) + 0 + 0. What is the remainder when (-2)/(-7) - u/(-7) is divided by p?
7
Let o(d) = -40*d - 144. What is the remainder when o(-4) is divided by 4?
0
Let w = 25 - 4. What is the remainder when w + 2 + -1 + 0 is divided by 7?
1
Let w = -163 + 822. What is the remainder when w is divided by 60?
59
Let v(t) = 2*t**3 - 101*t**2 - 53*t + 117. Calculate the remainder when 119 is divided by v(51).
14
Suppose 5*w - 10 = 15. Suppose -4*a + 5*l + 124 = 0, -4*a - 134 = -9*a + l. What is the remainder when a is divided by w?
1
Let j be 360/(-14) - (-6)/(-21). Calculate the remainder when 97 is divided by (-1)/2*2 - j.
22
Let l be -3*98/12*-4. What is the remainder when 54 is divided by 129/7 + 56/l?
16
Let v be 23572/36 + (-11)/(-9) + -1. Suppose -o - 2*q + v = 4*o, 0 = -5*o + q + 670. What is the remainder when o is divided by 17?
14
Suppose -8 = -m - 3*u + 9, -4*m = 5*u - 68. Calculate the remainder when 198 is divided by m.
11
Let b = 7 + 30. Calculate the remainder when 219 is divided by b.
34
Let a(y) = y**3 + 8*y**2 + 5*y - 13. What is the remainder when 112 is divided by a(-6)?
25
What is the remainder when 19 is divided by 0/2 + (3 - (-3 + -4))?
9
Suppose -2*h = -3*p - 12, 3*h - 6*p - 20 = -p. Suppose -3*b + 4*v = 31 - 134, h = 4*b - 2*v - 154. Calculate the remainder when b is divided by 59/4 + 3/12.
11
Suppose 11*n + 1711 - 2558 = 0. Calculate the remainder when 246 is divided by n.
15
Let x = -19 + 20. Let b = x + 16. Calculate the remainder when 48 is divided by (-1 - 0)*(-221)/b.
9
Suppose -b + 3*b = 0. Suppose -5*m + m + 92 = b. Let l(r) = -r**2 + 5*r + 7. What is the remainder when m is divided by l(3)?
10
Suppose 4*x - 5*b = 11, -4*x + 23 = x + 3*b. Let o(c) = 16*c**2 - c. Suppose -3*n - 10 + 13 = 0. Calculate the remainder when o(n) is divided by x.
3
What is the remainder when 12 is divided by (90/(-30))/((-1)/3)?
3
Let s(y) = -16*y - 293. What is the remainder when 77 is divided by s(-20)?
23
Suppose -2*o + 5*u + 32 = 0, 4*u - 5*u + 26 = 5*o. Calculate the remainder when o is divided by -4 + -1 + 4 + 4.
0
Suppose 54 = w + w. Let p = w - 17. Let s = -87 + 93. Calculate the remainder when p is divided by s.
4
Suppose 0 = -376*p + 384*p - 576. Calculate the remainder when 123 is divided by p.
51
Suppose 2*w = 3*z + 14 - 58, -4*z = -2*w - 42. Let d = w - -67. What is the remainder when (5 - -1)/(4/82) is divided by d?
39
Suppose j = 5*n + 95, 0 = -2*j - 5*n + 144 + 76. Calculate the remainder when j is divided by 12.
9
Let s be (16/14)/(-2 - (-80)/35). Suppose 0 = -4*h + s*y + 116, -50 - 93 = -5*h + 4*y. What is the remainder when h is divided by 7?
6
Let d be (-50)/(-18) - (0 - (-6)/(-27)). Suppose -d*s + 2 = -28. Suppose 15 + 15 = 5*z + 2*o, 4*z - 4*o + 4 = 0. Calculate the remainder when s is divided by z.
2
Let f be ((-4)/8)/((-4)/(-2440)). Let d = -188 - f. Calculate the remainder when (-1)/((-4 - -1)/d) is divided by 14.
11
Suppose f + 15 - 47 = 0. L